{"id":241,"date":"2016-10-08T17:55:31","date_gmt":"2016-10-08T15:55:31","guid":{"rendered":"http:\/\/herzsport-erbach.de\/?page_id=241"},"modified":"2016-10-08T18:38:27","modified_gmt":"2016-10-08T16:38:27","slug":"curado","status":"publish","type":"page","link":"http:\/\/herzsport-erbach.de\/?page_id=241","title":{"rendered":"Curado"},"content":{"rendered":"<p style=\"text-align: left;\">Die Curado GmbH bietet unter <a href=\"http:\/\/www.curado.de\" target=\"_blank\">www.curado.de<\/a> umfangreiche, qualit\u00e4ts- gepr\u00fcfte Informationen (HONCode-zertifiziert) und Beitr\u00e4ge zu chronischen Erkrankungen und dar\u00fcber hinaus ein breites Themenspektrum rund ums Thema Gesundheit.<\/p>\n<p style=\"text-align: left;\">Auf diesem Gesundheitsportal finden Betroffene, Angeh\u00f6rige, Experten und Interessierte neben fundierten Artikeln von kompetenten Autoren auch umfangreiche Beitr\u00e4ge zu Entstehung, Diagnose und Therapie verschiedenster Krankheiten sowie zu gesellschaftlichen Aspekten wie Selbsthilfe, Recht und Sozialpolitik.<\/p>\n","protected":false},"excerpt":{"rendered":"<p>Die Curado GmbH bietet unter www.curado.de umfangreiche, qualit\u00e4ts- gepr\u00fcfte Informationen (HONCode-zertifiziert) und Beitr\u00e4ge zu chronischen Erkrankungen und dar\u00fcber hinaus ein breites Themenspektrum rund ums Thema Gesundheit. Auf diesem Gesundheitsportal finden Betroffene, Angeh\u00f6rige, Experten und Interessierte neben fundierten Artikeln von kompetenten Autoren auch umfangreiche Beitr\u00e4ge zu Entstehung, Diagnose und Therapie verschiedenster Krankheiten sowie zu gesellschaftlichen Aspekten [&hellip;]<\/p>\n","protected":false},"author":1,"featured_media":255,"parent":0,"menu_order":0,"comment_status":"closed","ping_status":"closed","template":"","meta":[],"_links":{"self":[{"href":"http:\/\/herzsport-erbach.de\/index.php?rest_route=\/wp\/v2\/pages\/241"}],"collection":[{"href":"http:\/\/herzsport-erbach.de\/index.php?rest_route=\/wp\/v2\/pages"}],"about":[{"href":"http:\/\/herzsport-erbach.de\/index.php?rest_route=\/wp\/v2\/types\/page"}],"author":[{"embeddable":true,"href":"http:\/\/herzsport-erbach.de\/index.php?rest_route=\/wp\/v2\/users\/1"}],"replies":[{"embeddable":true,"href":"http:\/\/herzsport-erbach.de\/index.php?rest_route=%2Fwp%2Fv2%2Fcomments&post=241"}],"version-history":[{"count":5,"href":"http:\/\/herzsport-erbach.de\/index.php?rest_route=\/wp\/v2\/pages\/241\/revisions"}],"predecessor-version":[{"id":248,"href":"http:\/\/herzsport-erbach.de\/index.php?rest_route=\/wp\/v2\/pages\/241\/revisions\/248"}],"wp:featuredmedia":[{"embeddable":true,"href":"http:\/\/herzsport-erbach.de\/index.php?rest_route=\/wp\/v2\/media\/255"}],"wp:attachment":[{"href":"http:\/\/herzsport-erbach.de\/index.php?rest_route=%2Fwp%2Fv2%2Fmedia&parent=241"}],"curies":[{"name":"wp","href":"https:\/\/api.w.org\/{rel}","templated":true}]}}